(-164)) is divided by 11?
6
Let x = 112 + -48. Suppose -253 = -0*l - 23*l. What is the remainder when x is divided by l?
9
Let k(i) = i**3 + 4*i**2 + 3. Let x be k(-4). Suppose 3*f - y = 42, 0*y = -2*f - x*y + 28. What is the remainder when 27 is divided by f?
13
Let g = -27 + 57. Calculate the remainder when 58 is divided by g.
28
Let n(h) = -h**3 + 4*h**2 + h + 5. Calculate the remainder when n(-4) is divided by 26.
25
Suppose -2*z + 33 = 3. What is the remainder when 29 is divided by z?
14
Let c be 1/2 - 14/(-4). Let n(k) = -c*k**3 + 3*k + 3*k**3 + k**2 + k**2. Calculate the remainder when n(-3) is divided by 19.
17
Suppose -9*c = -174 + 39. Calculate the remainder when 55 is divided by c.
10
Let l = 9 - 6. Suppose -4*i - 1 + 19 = n, 3*n + 5*i - 33 = 0. Calculate the remainder when n is divided by l.
0
Let t(x) = x**2 + 5*x - 17. Calculate the remainder when 31 is divided by t(-8).
3
Suppose 4*q - 3*q = -5*v + 125, 3*v + q = 75. Calculate the remainder when 45 is divided by v.
20
Let m = 39 - 9. What is the remainder when 238 is divided by m?
28
Suppose -24 = -0*k - 2*k. Let b(g) = 2*g**2 + 14*g + 9. Calculate the remainder when b(-9) is divided by k.
9
Let a = 2 - 0. Suppose -a*k - 3*k = -60. Suppose -4*j + k = -0. What is the remainder when 6 is divided by j?
0
Suppose -1 = 3*m - 31. Calculate the remainder when 18 is divided by m.
8
Let x = -27 - -43. Suppose 5 = 5*q, 2*s - 5*q + 7 = -0*s. Calculate the remainder when 4 + s - (3 - 46) is divided by x.
14
Let u = 21 + -7. Suppose w + b - 8 = -0*w, 4*w = -b + 17. Calculate the remainder when -82*(1 + w/(-2)) is divided by u.
13
Suppose -4*t + 20 = -3*m, 5*m - t + 3*t = -16. Calculate the remainder when 49 is divided by 6/m*(-182)/21.
10
Let h(p) = 2*p + 17. Suppose -3*a - 2*u + 43 = 2*u, -u + 40 = 4*a. Calculate the remainder when h(0) is divided by a.
8
Let b be -7 + 7 - 3/1. Let f(i) = i**2 + 2*i + 1. Let c be f(b). Suppose 4*o - 16 = -c*r + 2*r, 0 = -4*o. What is the remainder when 21 is divided by r?
5
Suppose 3*n - 3*i - 118 + 19 = 0, -3*n = 4*i - 78. Calculate the remainder when 179 is divided by n.
29
Let y be ((-2)/(-3))/((-9)/54). Let m(v) = -7*v - 4. Calculate the remainder when 70 is divided by m(y).
22
Calculate the remainder when (-105)/(-2)*4/5 is divided by (0 + 1)/((-2)/(-30)).
12
What is the remainder when 146 is divided by (2 + 24/(-15))*(98 + -3)?
32
Let k be 2/(4/(-6))*-3. Let u = k - 5. Calculate the remainder when u is divided by (-6)/(-9) + (-8)/(-6).
0
Let a = -40 + 70. Suppose 6*v + 3*f - a = 3*v, -v + 4*f + 20 = 0. Calculate the remainder when 34 is divided by v.
10
Suppose 4*v = -4*g - 120, 5*g - 4*v + 19 = -113. Let z = g + 62. Calculate the remainder when z is divided by 12.
10
Let t(a) = a**3 + 11*a**2 + 12*a + 5. Calculate the remainder when t(-7) is divided by 30.
27
Let z = 6 + -4. Suppose 5*n = -p - 2, -p + z*p = -2*n + 13. What is the remainder when p is divided by 12?
11
Suppose -7*m + 3*m = -8. What is the remainder when 5 is divided by m?
1
Let y = -12 - -32. Suppose -3*v - v + y = 0. What is the remainder when 8 is divided by v?
3
Let i = 27 - -26. Suppose -15 = 3*u, u + 0*u + i = 4*x. Calculate the remainder when x is divided by 8.
4
Let q = 74 + -50. Let i be 418/7 + (-2)/(-7). Suppose 7*r - 4*r = -4*g + 46, -4*r - i = -4*g. What is the remainder when q is divided by g?
11
Let j(p) = p + 24. Suppose 5*l = g, 3*g + l = -0*l. Calculate the remainder when j(g) is divided by 186/14 - 4/14.
11
Suppose 80 = 7*t - 3*t. Let h(k) = -k**3 + 3*k**2 + 2*k - 2. Let i be h(3). What is the remainder when 74 - i/(12/(-9)) is divided by t?
17
Let k(l) = l**2 - l + 2. Let j be k(4). Let i = j + -10. Calculate the remainder when 11 is divided by i.
3
Let h(d) = -13*d + 2. Let k be h(-6). Let l be 7*2 - (4 - 3). Suppose k = 3*o - l. Calculate the remainder when o is divided by 11.
9
Suppose -4*j - 409 = -h - 131, 576 = 2*h + 2*j. Calculate the remainder when h is divided by 36.
34
Let k = -30 - -44. Calculate the remainder when k is divided by 5.
4
Suppose 0*u - u = 111. Let k(g) = 9*g - 3. Calculate the remainder when k(3) is divided by 2/3 - u/9.
11
Suppose 3*h - 4 - 6 = l, 0 = -2*l + h. Suppose 5*t + 3*f = 308, -t = -l*f - 71 - 1. Calculate the remainder when t is divided by 22.
20
Let o = 31 + -8. What is the remainder when o is divided by 8?
7
Let q = -161 + 195. What is the remainder when q is divided by 6?
4
Let s(v) = -v + 6. Let h be s(3). Let l be (-184)/(-7) - (-14)/(-49). Suppose 5*z = h*z + l. What is the remainder when 25 is divided by z?
12
Let z = -45 - -96. Calculate the remainder when z is divided by 27.
24
Let n(t) = t. Let w(z) = z**3 - 8*z**2 + 8*z - 2. Calculate the remainder when w(7) is divided by n(3).
2
Suppose -21 = 4*k - 145. Calculate the remainder when 92 is divided by k.
30
Let u(w) = w**2 - 14 - 4 - 14*w + 10*w. What is the remainder when 40 is divided by u(8)?
12
Suppose -k - 2*k + 36 = 0. Let z = 3 - -20. Calculate the remainder when z is divided by k.
11
Suppose -11*b + 13*b - 12 = 0. Suppose 0 = m - 4*m + 69. What is the remainder when m is divided by b?
5
Let x(f) = -2*f**3 - 9*f**2 - 3*f + 7. Let k be x(-4). Suppose -4*p - 53 = -5*p. Suppose -4*z = -k*z - p. Calculate the remainder when z is divided by 18.
17
Suppose -2*g - 79 = -3*l, 25 = -g - 4*g. Suppose -21*x + 22*x - 68 = 0. What is the remainder when x is divided by l?
22
Let a be 126/(-27)*3/(-1). Calculate the remainder when 41 is divided by -3 + (a - (-3)/1).
13
Let g(j) = j**3 - 10*j**2 + 11*j - 13. Let v(h) = -h**2 - 8*h + 1. Calculate the remainder when v(-7) is divided by g(9).
3
Let h(n) = -171*n**2 + 2*n + 1. Let p be h(-1). What is the remainder when p/(-6) + 3/9 is divided by 10?
9
What is the remainder when 7 is divided by -3 + 0 + 0 + 4 + 3?
3
Let i = 8 - 5. Suppose -i*n + 6 = -0*n, 2*w = -2*n + 12. What is the remainder when (-128)/(-6)*6/w is divided by 11?
10
Let q = 3 + -5. What is the remainder when 20 is divided by 6/9*(-33)/q?
9
Let x be (-1 - -3) + 6/3. Suppose x*r = 49 + 59. Calculate the remainder when 78 is divided by r.
24
Let b(r) = -r. Let s(x) = -2*x. Let d(c) = -42*b(c) + 6*s(c). What is the remainder when d(1) is divided by 16?
14
Suppose 26 = -5*l + 6. Let q = -18 + 13. What is the remainder when 10 is divided by l*(-2)/(-10)*q?
2
Suppose 138 = 4*h - 2*h. What is the remainder when h is divided by 14?
13
Suppose -5*f = -7*f - 2, -5*f - 21 = -4*b. What is the remainder when 8 is divided by b?
0
Suppose -2*p = -0*p - 52. Suppose 0 = 4*o + 3*a - 24, o - 3*o - 2 = -2*a. Calculate the remainder when p is divided by 2/o + 280/21.
12
Suppose -5*f - 185 = -5*a - 0*a, -4*f - 28 = -a. Suppose 0*s = -5*s + a. Calculate the remainder when 31 is divided by 159/15 + s/20.
9
Let b = 3 - -8. Let w(y) = -8*y - 11. Let k be w(-8). Suppose -k = -3*j + 7. Calculate the remainder when j is divided by b.
9
Calculate the remainder when 95 is divided by 24/(-6) - 14*-2.
23
Suppose -2*s - 3*b - 52 = -7*s, -b - 28 = -3*s. What is the remainder when 53 is divided by s?
5
Let c(r) = -r**2 + 2*r + 1. Let f(k) = k - 5. Let q be f(4). Let m be c(q). What is the remainder when 18*m*(-1)/4 is divided by 5?
4
Let y(m) = -6*m**3 + 3*m + 2. What is the remainder when 19 is divided by y(-1)?
4
Let v = -186 + 324. What is the remainder when v is divided by 20?
18
Let a(m) = -3*m**3 - m**2 - m + 1. Let n = 2 - 1. Let w be a(n). Let o = 7 + w. What is the remainder when 8 is divided by o?
2
Let d = 57 + -39. What is the remainder when 87 is divided by d?
15
What is the remainder when 46 is divided by (-4)/(48/90)*(-32)/10?
22
Let a(r) = 3*r**2 + r - 1. What is the remainder when 11 is divided by a(1)?
2
Let i = 60 + -31. Calculate the remainder when 201 is divided by i.
27
Let g(u) = -18*u. Let s be g(-1). Suppose 0 = -4*k - c - 2*c + s, -k + c + 1 = 0. What is the remainder when 7 is divided by k?
1
Let i = 11 - 29. Let x = -5 - i. Calculate the remainder when 51 is divided by x.
12
What is the remainder when 7 is divided by (1/(-4))/(2/(-24))?
1
Suppose 1 + 11 = 12*f. What is the remainder when 3 is divided by f?
0
Let w be ((-4)/10)/((-1)/165). Suppose -2*u + w = -36. What is the remainder when u is divided by 18?
15
Calculate the remainder when 35 is divided by (-222)/(-36) -